r + 123. What are the prime factors of w?
5
Let o(z) = z**3 - 4*z**2 - 3*z + 5. Let u be o(2). Let s be ((-9)/(-3))/(-1) - u. Suppose -s*x + 522 = 150. List the prime factors of x.
2, 31
Let z(s) be the first derivative of s**5/60 - 5*s**4/24 + 25*s**3/3 + 7. Let a(w) be the third derivative of z(w). List the prime factors of a(4).
3
Suppose -547*k + 529*k = -58662. List the prime factors of k.
3259
List the prime factors of 1470/(-420) - 28438/(-4).
2, 11, 17, 19
Let p(g) be the first derivative of -50*g**2 + 160*g - 68. List the prime factors of p(-10).
2, 5, 29
Suppose -l = -6, 20*m - 21*m - 4*l = -6010. List the prime factors of m.
2, 41, 73
Suppose -15760 = -2*o - 2*c, -52*o + 50*o = 5*c - 15748. What are the prime factors of o?
2, 3, 73
Let i(d) = 67*d**2 + 13*d - 102. List the prime factors of i(7).
2, 409
What are the prime factors of ((-2172)/(-54)*6)/((-7)/(-252))?
2, 3, 181
Suppose -11*l = -15*l + 8. Suppose 85 = l*g - 145. Suppose g - 295 = -4*q. What are the prime factors of q?
3, 5
Suppose -8*n + 7*n = -3. Suppose 7*l = -3*j + 3*l + 2221, 4*l = n*j - 2213. Suppose 5*v - j = 151. What are the prime factors of v?
2, 89
Let z be (-3)/2 - 1701/14. Let n = 549 - z. Suppose 7*w = -w + n. List the prime factors of w.
2, 3, 7
Suppose -3010 = 4*i - l - 404, 3*l = -3*i - 1947. Let s = 1217 + i. What are the prime factors of s?
2, 283
Let j = 2682 + -1639. Let w = 2168 - j. What are the prime factors of w?
3, 5
Let j(z) = z**2 + 8*z + 6. Let u be j(-7). Let s be ((-11)/(-7) + u)*(-14)/(-4). What are the prime factors of 18/24*s*(-146)/(-3)?
73
Let j(z) = 22*z + 2. Let r be j(3). Suppose -61*g - 9485 = -r*g. List the prime factors of g.
5, 271
Let o(v) = v**3 - v**2 + v. Let z(x) = 6*x**3 + 4*x**2 + 5*x + 4. Let b(w) = -5*o(w) + z(w). Let k be b(-9). What are the prime factors of (1 - 1) + (k - -22)?
2, 13
List the prime factors of (6015/(-10))/(36/(-96)).
2, 401
Let j be (-23 + 0)*(2/1 - 42). Suppose 3*b - j = 4*k + 317, k + 4 = 0. List the prime factors of b.
11, 37
Suppose -5*t - 492 = -t. Let w = t - -186. List the prime factors of w.
3, 7
List the prime factors of (40/32)/((-8)/(-38880)).
3, 5
Let l be 1 + 0 - (-38 + 20). Let j = l + -3. Suppose -5*v - 4*x - j = -93, v + 5*x - 7 = 0. List the prime factors of v.
17
Suppose 7*b + 38 = 6*b. Let p = b + 42. What are the prime factors of (16/6 + -3)*(p + -217)?
71
Let y be 3/((-15)/5)*-2. Suppose 0 = a + 5*w - 39 - 9, a - y*w = 69. List the prime factors of a.
3, 7
Let o(s) = -5069*s - 14921. What are the prime factors of o(-14)?
5, 11, 1019
Let u = -43 + 43. Suppose 2*v = -5*r, 4*v - r - r + 24 = u. Let w = v - -92. What are the prime factors of w?
3, 29
Let s(p) be the first derivative of 3*p**4/4 + p**3/3 - 11*p**2/2 + 23. What are the prime factors of s(6)?
2, 3, 103
Suppose 5 = -3*g + 17. Let m(s) be the third derivative of s**5/12 - 5*s**4/24 + 13*s**3/6 - s**2. What are the prime factors of m(g)?
73
Let s(a) = 12*a**2 + 2*a. Let u be s(-4). Suppose -3*m + 183 + u = -2*c, 4*c + 234 = 2*m. Let h = m + -40. What are the prime factors of h?
5, 17
Let b = 103509 - 51094. What are the prime factors of b?
5, 11, 953
Let t(v) = -13*v**2 + 16*v + 53. Let u(p) = -14*p**2 + 19*p + 52. Let l(o) = -6*t(o) + 5*u(o). What are the prime factors of l(7)?
3, 109
Suppose t - 2*f = 4902, -12*t - 9828 = -14*t - 2*f. List the prime factors of t.
2, 5, 491
Suppose -9*l - 11568 = -171849. List the prime factors of l.
11, 1619
Let t(v) = 22*v**2 - 72*v + 753. List the prime factors of t(17).
7, 29
Let r = 37 - 32. Suppose 4*a + 218 - 92 = -r*h, -5*h - 106 = -a. Let y = h + 41. What are the prime factors of y?
19
Let f = -25 + 27. Suppose -4*n = -5 + 9. What are the prime factors of 23 - n - 2/f?
23
Let u(x) = -x**3 + 21*x**2 + 289*x - 44. What are the prime factors of u(27)?
5, 677
Let w(g) = 23*g - 39. Let k = 31 + -26. Suppose 4*x - 39 = c, x = k*c + 1 + 4. What are the prime factors of w(x)?
191
What are the prime factors of 181 - 190 - 1*-55769?
2, 5, 17, 41
Let x = 786 - -362. Let h = x + -730. List the prime factors of h.
2, 11, 19
Let d(f) be the second derivative of f**4/6 + 17*f**3/6 + 13*f**2/2 + 6*f. Let h(t) be the first derivative of d(t). List the prime factors of h(9).
53
Let u be 6*(20/24 - (2 + -2)). Suppose -5*c - 5*h = 815, -u*h + 361 = -c - c. Let q = -124 - c. What are the prime factors of q?
2, 11
Suppose -p = 4*f + 190, 3*f = 2*p + 3*p - 131. Let c = 8 - f. Suppose c = v + 35. List the prime factors of v.
2, 5
What are the prime factors of (1 + -2)/((-3)/17481)?
5827
Let s be -7 - (0 + -3 + (-4 - -4)). Let u(l) = -205*l - 18. List the prime factors of u(s).
2, 401
Suppose 56*q - 35*q - 1808675 = -34*q. List the prime factors of q.
5, 6577
Suppose 0 = 3*g - 5*a - 40579, -7*g + 4*g + 40603 = a. What are the prime factors of g?
3, 13, 347
Let m(o) = o**3 + 2*o**2 - 2*o + 17. Let i(k) = -k**2 - k + 1. Let y(t) = -4*i(t) + m(t). Let q be y(-6). What are the prime factors of q/5*-2 + 816/15?
2, 3
Let k(l) = -3*l + 13. Let i(n) = 8*n + 50. Let g be i(-6). Let u be k(g). Let f(v) = 29*v + 36. List the prime factors of f(u).
239
Let s(g) = -g**3 + 8*g**2 - 7*g + 66. Let q be s(7). Suppose -q*f = -60*f - 7752. List the prime factors of f.
2, 17, 19
Let w(t) = -t**3 + 19*t**2 - 21*t - 13. Suppose 2*p + 0 - 10 = 0. Suppose -3*d - 34 = -p*d. What are the prime factors of w(d)?
2, 13
Let b be (20/5 - 1)*3 - -1. Suppose -q + b*z + 123 = 12*z, -3*q + 372 = 3*z. What are the prime factors of q?
5
Suppose 2754 = -14*m - 3546. Let n(u) = -7*u**2 + 5*u + 3. Let r be n(6). Let v = r - m. What are the prime factors of v?
3, 7, 11
Let p be ((-13)/13)/((-1)/222) + -2. Suppose -p = 16*y - 572. Suppose 0 = -29*k + y*k + 168. What are the prime factors of k?
2, 3
Let c = -204 + 210. Suppose -c*k = 9*k - 4980. List the prime factors of k.
2, 83
Let k = -122 - -178. List the prime factors of 9/((-72)/k) + 620.
613
Suppose -6*t - 25 = -25. Suppose 5*g + 12*g - 16031 = t. What are the prime factors of g?
23, 41
Let y = 231 + -227. Suppose -1220 = -y*d + 812. List the prime factors of d.
2, 127
Suppose 5*y + 1206 = 6011. Let c = y + -465. List the prime factors of c.
2, 31
Let y(g) = 89*g**3 - 2*g**2 - 2*g + 1. Let x be y(3). Suppose 0 = 5*k + 5*r - x, k + 5*r - 1434 = -2*k. What are the prime factors of k?
11, 43
Suppose 261*r - 259*r - 100004 = -3*a, -2*a + 66640 = 5*r. What are the prime factors of a?
2, 5, 1667
Let j(i) = -i**3 - i**2 + 17. Let k be j(0). Suppose -3*n + k = -v - 11, -4*v = n + 112. Let b = v + 38. What are the prime factors of b?
2, 5
Suppose -2*p - 50 = -238. Let d = p - 63. Let j = -10 + d. What are the prime factors of j?
3, 7
Let g(a) = 4*a**3 - 4*a**2 + 8*a - 8. Let k(s) = 2*s - 15. Let y(i) = 1. Let x(w) = 2*k(w) + 2*y(w). Let c be x(8). List the prime factors of g(c).
2, 3
Let m = 1 + -1. Let o be (-35)/(-9) - (270/(-243) + 1). Suppose -4*s = -5*t + 961, o*t - 2*s - 407 - 363 = m. List the prime factors of t.
193
Suppose 99*c = 104*c - 8885. Let s = c + -918. What are the prime factors of s?
859
Suppose 0 = 428*f - 424*f - 24. Suppose -2*s = f, -9*x + 6*x + 4*s = -3300. List the prime factors of x.
2, 137
Let u = -21 - -45. Let b(y) = -15*y + y**3 + 72*y - 25*y**2 - 35 - u*y. What are the prime factors of b(24)?
181
Suppose -22 = -5*i - 2*l, -6*l = -5*i - 3*l + 17. Let q(c) = 5*c**2 + 11*c - 9. What are the prime factors of q(i)?
5, 23
List the prime factors of ((-410)/25 + 16)/(5/(-79150)).
2, 1583
Let j(q) = q**3 - 24*q**2 + 23*q + 4. Let c be j(23). Suppose -24801 = -c*h - 17*h. List the prime factors of h.
1181
Let o be (6/(-9))/((-2)/(-6)). Let j(x) = -4 + 3*x**3 - 47272*x - 4*x**3 + 47272*x + 3*x**2. What are the prime factors of j(o)?
2
Suppose -58*p + 26*p = 96*p - 102784. List the prime factors of p.
11, 73
Let s be ((-155)/(-35) - 5)*14/(-4). Suppose -b + 17 = 5*x + s, -x = -2. Suppose -r = -b*y + 43 + 397, -2*r = 10. List the prime factors of y.
3, 29
Suppose 19*j = 15*j + 142*j - 408756. What are the prime factors of j?
2, 1481
Suppose -3*d + 3685 = -26*u + 24*u, 5*u = 5. What are the prime factors of d?
1229
Let f(n) = 2*n**2 + 18*n + 33. Let o be f(-2). Suppose -4*z - o*z + 4950 = 0. List the prime factors of z.
2, 5, 11
Suppose -4*r - 3*y + 15346 = -32705, -6*r - 4*y + 